) = t**2 - 14*t - 11. Determine d(22).
165
Let x(p) = -57*p - 1129. Give x(-22).
125
Let m(s) = -1347*s + 8085. Calculate m(6).
3
Let b(v) = v**3 + 123*v**2 + 6*v + 753. Give b(-123).
15
Let p(b) = b**3 + 26*b**2 + 17*b - 2. Determine p(-25).
198
Let p(c) = c**3 - 20*c**2 - 22*c + 780. Calculate p(19).
1
Let n(y) = -y**3 - 3*y**2 + 24*y + 74. Calculate n(-4).
-6
Let v(r) = 50*r**2 + 22*r - 3. What is v(4)?
885
Let u(m) = -4*m**3 - 5*m**2 + 2*m + 8. What is u(-4)?
176
Let x(s) = 20*s + 439. What is x(-28)?
-121
Let j(u) = -4240*u + 63. Give j(0).
63
Let t(p) = p**3 + 16*p**2 + 31*p - 24. Calculate t(-14).
-66
Let a(v) = v**2 - 129*v + 2438. What is a(23)?
0
Let t(a) = -a + 170. Calculate t(-21).
191
Let m(q) = q**3 + 4*q**2 + 31*q - 114. Give m(3).
42
Let p(f) = f**3 - 75*f**2 - 68*f - 385. Calculate p(76).
223
Let b(k) = 31*k + 10. Calculate b(8).
258
Let j(a) = 39186*a - 235118. Give j(6).
-2
Let a(u) = -72*u + 89. What is a(1)?
17
Let f(m) = 2843*m + 19843. Calculate f(-7).
-58
Let d(y) = -2798*y + 5593. Determine d(2).
-3
Let s(p) = 157*p + 1585. What is s(-8)?
329
Let f(s) = 63*s**2 + 5104*s + 86. What is f(-81)?
5
Let m(v) = 9*v**2 + 562*v - 329. What is m(-63)?
-14
Let u(q) = 79*q - 1. Give u(-2).
-159
Let s(f) = f**3 - 7*f**2 + 2*f + 19. Give s(7).
33
Let t(l) = -l**2 - 69*l - 31. Determine t(-68).
37
Let i(n) = -21*n**3 - 7*n**2 - 22*n - 37. Determine i(-3).
533
Let f(l) = 3*l**2 + 81*l - 8. Give f(-27).
-8
Let t(a) = 2*a**2 - 121*a - 49. Calculate t(62).
137
Let s(x) = x**3 - 8*x**2 - 7*x + 14. What is s(6)?
-100
Let b(d) = 6*d**2 - 159*d + 17. Determine b(23).
-466
Let u(g) = 3*g**2 + 12*g + 8. What is u(-6)?
44
Let t(u) = u**2 - 8*u - 66. Determine t(13).
-1
Let t(r) = r**3 + 10*r**2 + 6*r - 7. Determine t(-8).
73
Let t(o) = -o**3 - 23*o**2 - 129*o + 34. Give t(-12).
-2
Let f(p) = 2*p**3 + 62*p**2 - 41*p - 1266. Determine f(-31).
5
Let c(g) = 19*g + 579. What is c(-39)?
-162
Let p(o) = 2*o**2 + 92*o + 961. Calculate p(-20).
-79
Let f(v) = -64*v + 19. Calculate f(-3).
211
Let w(f) = -3*f**3 - 2*f**2 + 27*f - 23. Give w(1).
-1
Let d(h) = 18*h + 325. Give d(-25).
-125
Let m(y) = -y**2 + 85*y - 1183. Determine m(63).
203
Let z(i) = 155*i + 2268. Calculate z(-15).
-57
Let t(o) = 341*o + 30664. Determine t(-90).
-26
Let n(r) = r**2 - r - 34. Determine n(10).
56
Let l(j) = -218*j + 54. What is l(-1)?
272
Let r(n) = -39*n**2 - 15*n - 14. What is r(-1)?
-38
Let w(s) = 6*s**2 - 34*s + 106. Calculate w(3).
58
Let q(d) = d**3 - 17*d**2 + 5*d - 109. Give q(17).
-24
Let j(t) = -t**2 + 28*t - 22. Calculate j(27).
5
Let j(w) = -2*w**3 + 5*w**2 + 15*w - 19. Give j(5).
-69
Let c(o) = 2*o**2 - 12*o - 41. What is c(-3)?
13
Let b(d) = -2*d**3 - 50*d**2 + 108*d + 21. Calculate b(-27).
21
Let j(f) = f**2 - 17*f + 14. Give j(17).
14
Let j(v) = -2*v**2 - 4197*v - 16766. Give j(-4).
-10
Let u(o) = -113*o**2 - 64*o + 126. Calculate u(2).
-454
Let l(z) = -z**3 + 22*z**2 + 25*z - 171. Give l(23).
-125
Let d(m) = m**3 + 51*m**2 + 101*m + 165. Determine d(-49).
18
Let h(m) = -123*m + 206. Give h(5).
-409
Let r(b) = -b**2 - 636*b - 1270. What is r(-2)?
-2
Let g(h) = -h**3 - 556*h**2 + 3379*h - 2. Determine g(6).
40
Let q(g) = 7*g**2 - 449*g - 12406. Determine q(85).
4
Let b(w) = -44*w + 207. Give b(4).
31
Let l(p) = -p**2 - 64*p - 1010. Give l(-30).
10
Let c(f) = f**3 - 6*f**2 - 8*f - 61. Determine c(8).
3
Let t(h) = h**3 + 17*h**2 + 21*h + 550. Calculate t(-14).
844
Let o(s) = -1387*s - 23602. Calculate o(-17).
-23
Let m(z) = z**3 - 10*z**2 + 15*z - 72. Give m(7).
-114
Let d(z) = 19*z**3 + 7*z**2 + 18*z + 44. Give d(-2).
-116
Let l(w) = -11*w**2 - 511*w + 261. Calculate l(-47).
-21
Let r(t) = t**2 - 164*t + 5644. Calculate r(49).
9
Let k(b) = 48*b - 12. Give k(3).
132
Let s(h) = -17*h + 6. Give s(1).
-11
Let m(b) = 3*b**3 - 14*b**2 - 4*b + 16. What is m(-5)?
-689
Let u(q) = q**3 + 8*q**2 + 6*q - 101. What is u(-9)?
-236
Let l(m) = -2*m**2 + 32*m + 259. What is l(19)?
145
Let z(n) = n**3 + 4*n**2 + 5*n + 37. Determine z(-8).
-259
Let c(f) = 4*f - 629. Determine c(-13).
-681
Let y(j) = 2*j**3 - 13*j**2 - 8*j + 93. Calculate y(7).
86
Let j(k) = 2*k**3 + 11*k**2 - 19*k - 8. Determine j(-7).
-22
Let b(n) = -3006*n - 87200. Calculate b(-29).
-26
Let b(f) = -f**3 - f**2 + 93*f + 449. Determine b(-7).
92
Let m(b) = -b**3 - 26*b**2 + 3*b - 54. What is m(-26)?
-132
Let y(m) = 3*m**2 + 31*m - 32. What is y(1)?
2
Let v(b) = b**2 - 712*b - 7959. Calculate v(-11).
-6
Let o(y) = 3*y**2 + 25*y - 69. What is o(4)?
79
Let m(n) = n**3 + 66*n**2 + 8*n + 530. What is m(-66)?
2
Let d(t) = -54*t - 44. Determine d(-2).
64
Let y(u) = 69*u**2 + 3*u - 4. Give y(2).
278
Let w(g) = 2769*g - 2773. Calculate w(1).
-4
Let r(s) = 5*s**2 + 31*s - 71. Determine r(3).
67
Let p(b) = b**2 + 47*b - 571. What is p(10)?
-1
Let g(i) = i**3 - 79*i**2 - 606*i + 361. Give g(86).
17
Let q(s) = -15*s**2 - 116*s - 10. Calculate q(-7).
67
Let p(j) = j**3 - 35*j**2 + 23*j - 2069. Determine p(36).
55
Let a(b) = 4*b**3 + 98*b**2 + 50*b + 112. Determine a(-24).
64
Let y(s) = -139*s + 20609. Give y(148).
37
Let n(b) = 72*b - 1882. Calculate n(34).
566
Let z(g) = 70*g - 1295. Determine z(19).
35
Let a(j) = -761*j - 1530. Give a(-2).
-8
Let g(u) = -452*u - 506. Give g(-1).
-54
Let h(j) = -38*j - 91. Give h(-2).
-15
Let c(a) = -a**3 + 18*a**2 + 13*a + 83. Determine c(19).
-31
Let c(m) = 124*m - 4470. What is c(36)?
-6
Let x(b) = 6*b**2 + 1072*b - 1457. Give x(-180).
-17
Let a(q) = -12*q + 681. Determine a(58).
-15
Let h(b) = -761*b - 7659. Determine h(-10).
-49
Let p(n) = n**2 - 153*n + 2411. Determine p(135).
-19
Let j(q) = -138*q + 1203. Determine j(9).
-39
Let z(l) = -127*l**3 - l**2 + 11*l - 9. Give z(1).
-126
Let t(h) = 2*h**2 - 4*h - 105. What is t(9)?
21
Let p(q) = -28*q - 1589. Calculate p(-58).
35
Let i(x) = 2*x**3 - 3*x**2 - 15*x + 17. Determine i(1).
1
Let f(s) = 31*s + 1187. What is f(-39)?
-22
Let x(q) = -q**2 - 478*q - 6515. What is x(-14)?
-19
Let g(t) = t**3 + 25*t**2 - 5*t - 828. What is g(-24)?
-132
Let h(i) = 2*i**3 + i**2 + 6*i - 2. What is h(0)?
-2
Let y(c) = -305*c - 2406. What is y(-8)?
34
Let k(i) = -659*i**2 - 26*i - 23. Give k(-1).
-656
Let i(p) = p**3 - 31*p**2 - 95*p - 13. What is i(-3)?
-34
Let s(r) = -7*r**2 - 387*r - 110. Calculate s(-55).
0
Let i(c) = c**3 + 6*c**2 - c + 23. Determine i(-6).
29
Let c(m) = m**3 + 4*m**2 - 2*m + 12. Give c(-3).
27
Let x(h) = 68*h + 1318. Give x(-19).
26
Let d(z) = 2254*z - 2262. Calculate d(1).
-8
Let w(q) = -12*q**2 + 58*q - 58. Give w(6).
-142
Let u(l) = -l**2 + 5501*l - 21978. Give u(4).
10
Let s(i) = 90*i + 2976. Give s(-33).
6
Let d(t) = t**3 - 12*t**2 + 33*t - 30. Determine d(9).
24
Let z(f) = -f**3 - 23*f**2 - 13*f + 87. Give z(-7).
-606
Let x(f) = 85*f - 7428. Calculate x(87).
-33
Let n(v) = v**3 - 5*v**2 - 78*v - 31. Give n(-6).
41
Let x(r) = -2*r**2 + 3*r + 147. Determine x(-10).
-83
Let r(s) = -116*s + 730. Calculate r(6).
34
Let h(i) = -6*i**3 + 23*i**2 + 197*i + 22. Determine h(8).
-2
Let y(c) = 2*c**2 + 92*c + 1014. What is y(-31)?
84
Let u(x) = -3*x**3 + 358*x**2 - 117*x - 242. Give u(119).
-4
Let y(r) = -r**3 + 16*r**2 - 22*r - 34. Calculate y(14).
50
Let z(i) = -i**3 + 46*i**2 + 92*i + 234. Calculate z(48).
42
Let h(g) = -g**2 - 11*g - 78. Determine h(-9).
-60
Let j(v) = 4*v + 207. What is j(-32)?
79
Let z(m) = 56*m + 886. Calculate z(-16).
-10
Let d(h) = -53*h + 232. Determine d(5).
-33
Let n(b) = b**3 - 23*b**2 + 28*b + 29. Give n(22).
161
Let x(y) = -3*y**2 + 36*y + 16. What is x(12)?
16
Let c(s) = 99*s - 5594. Calculate c(57).
49
Let r(t) = 24*t**2 + 25*t + 119. Give r(-4).
403
Let w(u) = 11*u - 59. What is w(3)?
-26
Let c(a) = -158*a - 22. Calculate c(-2).
294
Let k(b) = b**3 - 2*b**2 - 4*b + 10. What is k(2)?
2
Let u(f) = -18*f**2 + 111*f - 147. Give u(4).
9
Let h(n) = 30*n**2 + 301*n - 2. Calculate h(-10).
-12
Let y(v) = -304*v - 550. Give y(-2).
58
Let t(p) = 141*p + 8928. Calculate t(-63).
45
Let l(d) = 6485*d - 129701. Give l(20).
-1
Let z(g) = 4*g**3 + 9*g**2 + 11*g - 3. Give z(2).
87
Let h(v) = 135*v**2 + 11*v - 14. Give h(0).
-14
Let p(h) = -147*h - 9093. Give p(-62).
21
Let s(u) = -u**3 - 8*u**2 + 16*u + 1. Give s(4).
-127
Let q(m) = -46*m + 2636. What is q(57)?
14
Let a(y) = -y**3 - 20*y**2 - 75*y + 43. What is a(-15)?
